e 5.
4234311
14123144 (base 5) to base 2
100011100000010000
Convert -1133130300 (base 4) to base 9.
-655260
-52103 (base 11) to base 4
-102203113
421542232 (base 6) to base 3
111212102011102
-4143001003 (base 5) to base 14
-11cc6c4
2100 (base 12) to base 11
2783
What is 20a2a (base 16) in base 7?
1064502
2101143 (base 6) to base 2
11000101111110111
41234040 (base 6) to base 16
121ba8
Convert 5450660 (base 8) to base 9.
2668406
Convert 457d8 (base 15) to base 7.
1610522
22411145 (base 7) to base 5
444434223
Convert -2d2d7 (base 15) to base 10.
-145777
-cbb747 (base 13) to base 7
-55520605
30233030 (base 4) to base 14
15028
What is -54438 (base 9) in base 8?
-106360
What is -7adad7 (base 16) in base 9?
-16131416
What is -5076466 (base 10) in base 3?
-100112220121021
145889 (base 14) to base 12
2a1101
-233325 (base 9) to base 3
-21010100212
Convert 1000001100100100000100 (base 2) to base 16.
20c904
What is -100001000111010000 (base 2) in base 15?
-2a2c2
Convert 12310232 (base 4) to base 7.
144326
Convert -201012120202122 (base 3) to base 15.
-d695ab
What is -1c20c7 (base 13) in base 3?
-1100111201011
What is -1001222001110 (base 3) in base 7?
-4563102
What is 136654 (base 9) in base 3?
11020201211
-200142325 (base 6) to base 13
-911213
What is ec58c (base 15) in base 9?
1363446
Convert -110021110001 (base 3) to base 2.
-111010111111011000
Convert 233312303 (base 5) to base 8.
4057274
What is -83668 (base 12) in base 16?
-29ff0
What is -243b041 (base 12) in base 9?
-14232724
What is -111011110111010011111 (base 2) in base 3?
-10200122212000
-522144 (base 12) to base 10
-1289284
Convert 290b0 (base 15) to base 14.
36058
1177704 (base 11) to base 13
567c23
What is -1011011001011000011000 (base 2) in base 7?
-34252020
41671 (base 13) to base 9
188217
2154051 (base 6) to base 9
174704
-1b9e3 (base 15) to base 14
-24b1a
Convert 660261 (base 8) to base 12.
a8129
Convert -2a0d08 (base 15) to base 5.
-1004343213
What is -302130201 (base 4) in base 2?
-110010011100100001
1010210221 (base 4) to base 13
9aac8
237340 (base 12) to base 10
572448
Convert 75484 (base 10) to base 14.
1d71a
What is eb693 (base 15) in base 9?
1358163
What is 221020122001 (base 3) in base 11?
30a376
-2202124042 (base 5) to base 12
-16b9713
What is -2914 (base 15) in base 16?
-225a
-1000111012101221 (base 3) to base 7
-235113016
1388055 (base 11) to base 5
1102220200
Convert 323441131 (base 5) to base 6.
45443542
Convert 37634130 (base 8) to base 10.
8337496
Convert 8b93c6 (base 14) to base 6.
245453350
What is -11100101101110100 (base 2) in base 13?
-416c9
11021112001 (base 3) to base 10
84214
Convert -122232302222 (base 4) to base 5.
-3243214102
Convert -2015362 (base 7) to base 12.
-b67b1
What is -121113202003 (base 4) in base 5?
-3200244422
-100110100111111000111110 (base 2) to base 12
-3483366
Convert -bd690 (base 16) to base 8.
-2753220
Convert -2369495 (base 10) to base 4.
-21002133113
What is -a2894 (base 11) in base 7?
-1163510
400198 (base 10) to base 7
3254521
-69bf82 (base 16) to base 2
-11010011011111110000010
Convert -55657 (base 10) to base 6.
-1105401
af (base 16) to base 10
175
What is -13a0b0 (base 12) in base 14?
-879ac
Convert 43a08 (base 12) to base 14.
24904
What is -30448 (base 9) in base 4?
-10321103
-1021121110010 (base 3) to base 7
-5535021
Convert -211241004 (base 5) to base 7.
-10340623
What is -11111100010100010 (base 2) in base 3?
-20120012200
What is -2634041 (base 7) in base 8?
-1241250
What is -202001200120 (base 3) in base 9?
-661616
What is -34533324 (base 6) in base 8?
-4051624
-29812 (base 11) to base 15
-c7b2
Convert 3053d (base 15) to base 16.
255e2
-579694 (base 14) to base 8
-13304142
Convert 11000011210101 (base 3) to base 16.
207d69
-549335 (base 12) to base 5
-320440004
What is 682674 (base 9) in base 12?
1786a1
122233232 (base 5) to base 7
4662321
-6bd10 (base 16) to base 2
-1101011110100010000
-1f5cd (base 16) to base 10
-128461
What is -11004142 (base 6) in base 11?
-204084
What is -121201122211020 (base 3) in base 7?
-135364305
What is -3dfc6a (base 16) in base 6?
-223023002
183a481 (base 11) to base 14
5b2303
Convert -1001001001110101111010 (base 2) to base 5.
-1103241420
-93a37 (base 12) to base 2
-101111001100001011
What is -14347427 (base 8) in base 2?
-1100011100111100010111
What is -194a38a (base 15) in base 7?
-312632143
What is -100001100011101 (base 2) in base 16?
-431d
What is 110011101001100111 (base 2) in base 11?
134a47
-110216554 (base 7) to base 14
-c46d9b
What is -2d733 (base 14) in base 10?
-113921
Convert 7332421 (base 9) to base 2.
1110111100101101111110
-16c2b (base 16) to base 4
-112300223
What is 31adca (base 14) in base 2?
110011010101010000110
What is 110202121211 (base 3) in base 14?
677b0
3164c6 (base 13) to base 10
1156460
910740 (base 14) to base 11
2833680
Convert -200670 (base 10) to base 7.
-1464021
-10001110110100100110011 (base 2) to base 6
-244150335
Convert 132222213 (base 4) to base 16.
1eaa7
Convert 14b31b (base 12) to base 8.
1256007
-123137 (base 14) to base 5
-124420013
What is -12240414 (base 5) in base 9?
-200161
What is -94730 (base 14) in base 3?
-200012021020
2221200020 (base 4) to base 6
22514132
What is -22202112022 (base 3) in base 4?
-222012032
What is -10001001101100010 (base 2) in base 16?
-11362
Convert -253913 (base 11) to base 10.
-400403
Convert 20442253 (base 6) to base 13.
17b79a
Convert 1115817 (base 10) to base 14.
2108d3
-2020404423 (base 5) to base 16
-3e305d
Convert -5472b7 (base 12) to base 6.
-44413551
-6a34a (base 11) to base 10
-101573
444300110 (base 6) to base 2
11110101100111001001010
What is 4212213 (base 9) in base 8?
10456427
What is -8646 (base 15) in base 16?
-6f00
What is -2d9a (base 15) in base 5?
-303240
Convert -1110100100110101011001 (base 2) to base 10.
-3820889
Convert -66608 (base 10) to base 2.
-10000010000110000
Convert 16810177 (base 9) to base 15.
b1ddb4
Convert -113111222120 (base 4) to base 5.
-3031234130
Convert -123422 (base 9) to base 7.
-430535
What is -8430394 (base 10) in base 16?
-80a33a
What is f9532 (base 16) in base 9?
1825774
Convert 330fb (base 16) to base 12.
a104b
What is 171111 (base 11) in base 14?
6c80a
20010101102 (base 3) to base 8
353366
56165 (base 15) to base 7
2216642
-11103234 (base 5) to base 16
-17c27
What is -1a3cb (base 15) in base 10?
-85241
8491 (base 16) to base 12
17781
1037920 (base 12) to base 15
407223
22222020220 (base 3) to base 14
48508
Convert 100001443 (base 5) to base 4.
1133123121
-10aa450 (base 13) to base 7
-61435140
-210435135 (base 6) to base 4
-32001102203
Convert 3012143231 (base 5) to base 6.
332021104
What is 3132525 (base 6) in base 2?
100101001011000101
-f1ee (base 16) to base 5
-3440214
-2014530 (base 6) to base 3
-11212020100
What is -100100011101000101110011 (base 2) in base 16?
-91d173
What is -11d4a (base 14) in base 5?
-2400044
What is 24b3168 (base 13) in base 11?
6517a17
Convert 553646 (base 7) to base 15.
1dcd2
Convert 561544 (base 7) to base 8.
301365
-211000210111 (base 3) to base 12
-18ab1a
Convert 324034 (base 7) to base 2.
1101110100101100
Convert 6a690 (base 11) to base 13.
37559
What is -22124021 (base 5) in base 10?
-192386
Convert 55050512 (base 6) to base 16.
1904cc
Convert 61a139 (base 13) to base 14.
434506
-268ed (base 16) to base 14
-417ad
What is -12012101102 (base 3) in base 4?
-120333011
1011000100010101110 (base 2) to base 5
43101140
Convert -100331100 (base 6) to base 14.
-326188
Convert -a4b802 (base 14) to base 10.
-5563658
What is -442004033 (base 5) in base 16?
-1d1850
What is -288762 (base 12) in base 6?
-22313002
1235415 (base 6) to base 8
203403
Convert 22301332 (base 5) to base 4.
300013210
-1062615 (base 8) to base 16
-4658d
What is 47343 (base 16) in base 2?
1000111001101000011
Convert 1220220212222 (base 3) to base 16.
f9818
Convert -5334240 (base 9) to base 11.
-1681689
What is -25052425 (base 6) in base 5?
-201101400
What is -244696c (base 13) in base 6?
-1041301511
Convert c796ae (base 15) to base 12.
3220b78
Convert -6c66d7 (base 14) to base 16.
-388ba5
Convert -12101232233 (base 4) to base 16.
-191baf
-34895 (base 13) to base 2
-10111011011001001
Convert 13541b0 (base 12) to base 9.
7207066
6846c (base 13) to base 16
2e50c
Convert 1128636 (base 11) to